 and o?
3
Suppose 0*q + 5*q - 11 = -l, -5*q - 4*l = -14. What is the greatest common divisor of q and 10?
2
Suppose -2*d = 2*x - 86, 2*d - 181 = -2*d - x. Suppose -2*s - 804 = 4*s. Let i = s + 203. What is the greatest common factor of i and d?
23
Let l = -11 + 15. Suppose 8 = 3*j + 2. Suppose 0 = -2*u - 4*g + l, -j*u = -6*u + 2*g + 48. Calculate the highest common factor of 60 and u.
10
Let w be (4 - -2) + -1 + -2. Suppose w*b = -b + 28. Calculate the highest common divisor of 14 and b.
7
Suppose -4*k + 10 + 6 = -4*y, -5*k + 35 = -2*y. Let g be (0 + -1)*1*-45. What is the highest common factor of g and k?
9
Suppose 5 = 10*p - 175. What is the greatest common divisor of 198 and p?
18
Let j = 11 + -4. Let g = 4 + -2. Suppose -k - j = -g*k. What is the greatest common factor of 21 and k?
7
Let o(b) = b**2 - 3*b + 2. Let q be o(2). Suppose u + r - 84 = q, -3*r = u - 0*r - 92. Let g = 10 + 0. What is the highest common divisor of g and u?
10
Suppose 6*p - 38 - 112 = 0. What is the highest common divisor of p and 100?
25
Let q = -26 - -38. Suppose -4*w + 3*w + 28 = 0. Suppose w + 212 = 4*v. Calculate the highest common divisor of v and q.
12
Let l be 14/63*(-6)/4*-6. What is the greatest common factor of l and 8?
2
Suppose -3*p + 0*p = -o + 3, 5*o = -5*p + 115. Let s be (-3)/(-1) + 8 + -2. Calculate the greatest common factor of o and s.
9
Suppose -6*v - 234 = -15*v. What is the highest common divisor of v and 78?
26
Suppose -4*h - 60 = -2*s, -5*h + 15 + 15 = s. What is the highest common factor of s and 6?
6
Let p = 34 + -4. What is the highest common factor of p and 75?
15
Let w be -36 + 1 - (-1 - 2). Let a = -22 - w. Let k = a + -3. What is the greatest common factor of 63 and k?
7
Suppose -19*s + 25*s - 1260 = 0. What is the greatest common divisor of 42 and s?
42
Let f(j) = 5*j - 16. Let m(k) = 6*k - 17. Let c(r) = 4*f(r) - 3*m(r). Let o be c(10). Calculate the highest common divisor of 1 and o.
1
Suppose -o - 2 = -2*o. Suppose 0 = 4*j + 2*x - x - 10, -o*j + x + 2 = 0. What is the highest common divisor of j and 5?
1
Let j = -290 + 408. Suppose 0*k - 2*i = -3*k + j, 2*k - 92 = -2*i. What is the greatest common divisor of 28 and k?
14
Suppose -112 = -n + h, 2*n - 106 = n - 2*h. What is the highest common divisor of 10 and n?
10
Let i be 39 - (-6)/(-2)*1. Let j be (-2)/(-7) + 164/14. What is the greatest common factor of j and i?
12
Suppose 0 = -2*t + t - 4*h + 24, -24 = -4*t + 2*h. Let i be (-6)/(-12)*-2 - 3*-7. What is the greatest common divisor of i and t?
4
Suppose -5*b - 67 + 24 = 4*q, -4*b = -2*q - 2. Let r = 14 - q. Suppose 4*k - 50 = 6. What is the highest common factor of r and k?
7
Let i be 16/10*(-15)/(-6). Suppose 0 = o - i*a - 25, o + 3*o + 4*a = 20. Let v = 96 - 60. Calculate the highest common factor of v and o.
9
Suppose -3*d + 17 = -19. Suppose 5*s = -0*s - 3*a + 192, 0 = -5*s - 2*a + 188. Calculate the highest common factor of d and s.
12
Let p be (28/5)/(49/(-10) + 5). What is the greatest common factor of 7 and p?
7
Let k = -92 - -44. Let n = k - -75. What is the greatest common divisor of 3 and n?
3
Suppose -2*o = 3*o + c - 93, -9 = -o + 3*c. Let d(f) = -3*f**3 - 3*f - 3. Let p be d(-2). Calculate the highest common factor of o and p.
9
Let p be 80/6 - 4/(-6). Calculate the highest common factor of 2 and p.
2
Suppose -7*r + 98 = 14. What is the greatest common factor of r and 84?
12
Let p(b) = b**3 + 9*b**2 + 9*b + 6. Let r be p(-6). What is the greatest common divisor of 24 and r?
12
Suppose -3*h = -m - 34, 0*h + 2*h = -2*m + 20. Let f = -7 + h. Suppose 4*p + 84 = f*d, -11 = -d + 5*p - 2. Calculate the greatest common factor of 6 and d.
6
Suppose 3*j + 11 - 44 = -4*a, a + 6 = 4*j. What is the greatest common factor of 12 and a?
6
Let q be (-1)/(-2)*(-21 + 1). Let w be 15/q*4/(-3). What is the greatest common divisor of 22 and w?
2
Let f(i) = i + 3. Let m be f(0). Suppose 0*j + 24 = m*j. Calculate the greatest common divisor of 8 and j.
8
Let m be -100 - 8 - (0 - 1). Let r be 1/4 + m/(-4). What is the highest common factor of 54 and r?
27
Let f be 2/(-6)*33/(-1). Suppose 12*j - 317 = -305. Calculate the highest common divisor of f and j.
1
Let v = 10 + -2. Suppose 3*f + 6 = f - 4*z, -2*f - 5*z = 8. Let g be ((-24)/9)/(f/(-27)). Calculate the highest common divisor of g and v.
8
Let b be -4*(1 - (-15)/(-2)). Let j = -132 - -208. Suppose 3*p = -m + 36, 0 = -2*m - 0*m - 2*p + j. What is the highest common divisor of b and m?
13
Let v be 2 + (2/1 - -10). Let a(g) = 2*g**2 - 3*g. Let j(p) = p - 1. Let y(u) = a(u) + 5*j(u). Let t be y(-5). Calculate the highest common factor of v and t.
7
Let g = 69 - 35. What is the highest common divisor of g and 17?
17
Let l be (2/2)/(8/88). What is the highest common divisor of l and 77?
11
Suppose -5*c + 3*c = -72. Calculate the greatest common factor of 9 and c.
9
Let b(i) = i**3 - 5*i**2 - 7*i - 1. Let g be b(7). Suppose -2*t - 170 = -3*w - 2*w, 2*w - 4*t = 84. What is the greatest common factor of g and w?
16
Let r(f) be the third derivative of 2*f**4/3 - 4*f**3/3 + f**2. Let i be r(4). Calculate the greatest common factor of 7 and i.
7
Let v(b) be the first derivative of b**4/4 - 2*b**3/3 - b**2 - 2*b - 4. Let j be v(4). Calculate the greatest common divisor of 11 and j.
11
Let o(a) = 3*a**3 - 4*a**3 - a + 0*a + 7*a**2 + 9. Let w be o(7). Suppose 8*q - 9*q + 10 = 0. Calculate the greatest common divisor of q and w.
2
Let t be (-11)/3*(-396)/11. What is the greatest common divisor of t and 12?
12
Suppose -1 = -3*h + 17. Suppose g - 6*g + 12 = -3*b, -2*g + h = 0. Calculate the highest common factor of b and 5.
1
Let t(f) = -f**3 - 10*f**2 - 9*f + 7. Let u be t(-7). Let j be (-22)/u + 878/14. Let s = 12 + -3. What is the highest common factor of s and j?
9
Let z be -3 - (-4*8 + -3). Suppose -2*o + u + 23 - 3 = 0, -2*o - 2*u + z = 0. What is the highest common factor of 6 and o?
6
Let h(k) = -k - 5. Let i(o) = -o - 5. Let q(a) = 2*h(a) - 3*i(a). Let n be q(3). What is the greatest common divisor of 20 and n?
4
Let c be (8/(-12))/(0 - 1/180). Suppose 3*d = -0*d + 36. Calculate the highest common divisor of d and c.
12
Let s be -3 - (-2 + (-31 - 0)). Calculate the greatest common factor of s and 45.
15
Let f = 163 + -79. Let p = f + -54. Calculate the greatest common divisor of p and 6.
6
Suppose -2*m + 82 - 32 = 0. Calculate the greatest common divisor of 50 and m.
25
Suppose 160 = 12*t + 4*t. Let v be ((-6)/2 - -2)*-6. Let y(j) = j**2 - 4*j - 8. Let n be y(v). What is the highest common factor of n and t?
2
Let p(k) = -3*k + 2. Let o be p(-3). Calculate the highest common divisor of o and 1.
1
Let r be (2 + (-48)/9)/(2/(-60)). What is the greatest common divisor of 10 and r?
10
Let v(r) = -r**2 - 8*r - 7. Let o be v(-6). Suppose -b + 157 = -o*w, 0 = 2*b + 4*w - 424 + 96. What is the greatest common divisor of b and 18?
18
Let w = -2 - -13. Let c be (w/(-4))/((-1)/4). What is the greatest common divisor of c and 22?
11
Let d(x) = 23*x + 12. Let o be d(8). Calculate the highest common divisor of 28 and o.
28
Suppose 0 = -0*p + 3*p - 18. Let z be ((-98)/(-4))/((-2)/4). Let u = 73 + z. What is the highest common divisor of u and p?
6
Let l = -44 - -53. What is the highest common factor of 36 and l?
9
Let s be ((-17)/(-2))/((-2)/(-4)). What is the greatest common divisor of s and 187?
17
Let i = 37 - 15. Let p = 56 - 54. What is the greatest common divisor of i and p?
2
Let d(z) = 291*z**3 - z**2. Let q be d(1). Suppose 4*a = 58 - q. Let c be (-3)/(-6) + a/(-4). Calculate the greatest common divisor of c and 10.
5
Suppose -7*g + 70 = -0*g. Let l = -69 - -48. Let n = 31 + l. What is the highest common factor of g and n?
10
Let t be (7/(-4) - -2)*452. Suppose 0 = -5*v + 5*o + 130, o - t = -4*v - 34. Calculate the greatest common factor of v and 105.
21
Suppose -3*k - 2 = -o + 3, o = 2*k + 9. Let q(r) = r**2 + r + 5. Let w be q(-4). Calculate the highest common divisor of w and o.
17
Let q = -105 - -189. What is the highest common factor of q and 56?
28
Suppose 3*c = 6*l - 4*l + 11, 5*l - 10 = -5*c. Suppose -c*x = -6, 3*w + 7 = x - 10. Let v = w - -11. What is the greatest common divisor of v and 42?
6
Let c be -1 + 4 - -8*3. Suppose -3*i = -15 - 39. What is the greatest common factor of i and 